f l?
1
Let u be (12 - 13)*(-21 + 0). Suppose o = u + 5. What is the tens digit of o?
2
Suppose 6 = -o + 3. Let d(r) be the first derivative of -r**4/2 - r**3 + 2*r**2 + r - 1. What is the tens digit of d(o)?
1
Suppose 6*c = 7 + 5. Suppose -128 = -4*d - 8. Suppose -t - c*t = -d. What is the tens digit of t?
1
Let u(w) = -w + 2. What is the units digit of u(-8)?
0
Let h be 144 - 0*(-4)/12. Suppose 0*o = 4*o - h. What is the units digit of o?
6
Suppose -35 = -4*b - 5*h, -1 + 2 = -h. What is the units digit of (-4)/(-8) + b/4?
3
Let z = -1 + 9. What is the units digit of 2/(2 - z/6)?
3
Let u(o) = -3*o. Let w = -1 - -2. Let z be u(w). What is the units digit of ((-44)/(z + 5))/(-2)?
1
Suppose 1 = -s + 4. What is the units digit of -1*s*4/(-4)?
3
Suppose 0*y - 2*i + 41 = 3*y, 4*i = -8. What is the units digit of (16/24)/(2/y)?
5
Suppose -8*r + 70 = -3*r. Suppose 3*n + 48 + 70 = 5*f, -f = -3*n - r. What is the tens digit of f?
2
Let r = 8 - 8. Suppose 28 = 2*b - 4*k - r*k, -b + 4*k + 22 = 0. What is the units digit of b?
6
Suppose -5*t - 232 = -q, -t + 0*t - 38 = 4*q. Let g = t - -65. What is the units digit of g?
9
Suppose -3*g - 12 = 0, -2*g = -5*w + g + 307. What is the tens digit of w?
5
Let v = 2 + -2. Suppose g + b - 10 = v, -56 + 6 = -3*g + 2*b. What is the units digit of g?
4
Suppose -3 = 3*y, 3*i - 208 = 2*y + 397. What is the units digit of i?
1
Let d(k) = -7 + 11*k - 10*k + 31. What is the units digit of d(-11)?
3
Let n = 399 - 268. What is the tens digit of n?
3
Suppose 0 = -16*f + 20*f - 832. What is the hundreds digit of f?
2
Let l = -25 - -8. Let o = l - -24. Suppose o - 16 = -3*p. What is the units digit of p?
3
Suppose -5*t = 3*o - 424, -2*t - 3*o = o - 178. What is the tens digit of t?
8
Let u(y) = -2*y**3 + 2*y**2 + y. Let c be u(-1). Suppose c*t - 2 = 16. Suppose -3*k = -6*k + t. What is the units digit of k?
2
Let s(z) = z - 4. Let b be s(4). Suppose 3*x - 5*f - 17 = b, f - 7 = -3*x + x. Suppose -5*n + 50 = x*c, 5*n - c - 2*c - 50 = 0. What is the units digit of n?
0
Let z = 9 - 6. Suppose k - 3*k = -2*c - 32, 4*k = z*c + 69. What is the units digit of k?
1
Suppose 0 = -3*j + 7*j - 36. Let h = j + -7. What is the units digit of h?
2
Let h(b) = b**3 + 2*b**2 - 2. Let l be h(-2). Let q be 2 + l + (0 - 0). Suppose -5*o + 49 - 9 = q. What is the units digit of o?
8
Suppose 2*s = 2*q, -3*s + 9 = -5*s + 5*q. Let l(v) = 4*v**3 - 7*v**2 + 5 - s*v**3 - 5 - 7*v + 2. What is the tens digit of l(8)?
1
Let t(k) = -2*k**2 - 10*k + 7. Let a be t(-5). Let j(i) = 9*i - 4. Let g be j(3). Suppose 2*w + a - g = 0. What is the units digit of w?
8
Let b(p) = -p**3 - p**2 + p. Let z be b(0). Suppose 0*h + 2*h - 6 = z. What is the units digit of h?
3
Let k = -131 + 234. What is the tens digit of k?
0
Let s(w) = w + 2*w - 1 + 3*w - 4*w. What is the units digit of s(7)?
3
Let i(h) = -h + 10. Let z be i(7). Let l(r) = r + 2. Let j be l(z). Suppose d = 4*g + 5*d + 8, -g - j*d - 22 = 0. What is the units digit of g?
3
Suppose 20 = 4*l, -14 - 26 = -5*g - l. Suppose 95 = -2*t + g*t. What is the units digit of t?
9
What is the units digit of (-38)/8*(-96)/12?
8
Let h = 116 + -256. What is the tens digit of h/(-6)*51/34?
3
Let w = 0 + -32. Let v be w/20*30/(-4). Suppose 0 = -2*q - d + 15, 2*q - v = -0*q - 4*d. What is the units digit of q?
8
Let a(c) = 7*c + 12. What is the hundreds digit of a(15)?
1
Suppose 5*a = -5*k, 4*k + 5*a = 3 - 2. What is the units digit of 88/6 - k/3?
5
Let j(v) = 8*v**2 + 12*v - 27. What is the tens digit of j(4)?
4
Let y = 85 - 71. What is the tens digit of y?
1
Let n(h) = 1. Let s(l) = -3*l + 5*l - 3 - 3. Let j(t) = -5*n(t) - s(t). What is the units digit of j(-8)?
7
Let x = -4 + 1. Let g be (x/(-3))/((-2)/12). What is the units digit of (4 + 0)*g/(-8)?
3
Suppose -p + 0*h + 3 = h, -h = 0. Suppose p = x - 10. What is the units digit of x?
3
Let o(j) = -211*j**3 + j**2 + 2*j + 1. What is the units digit of o(-1)?
1
Let x = -2 + 4. Let w be -12*(4/x)/4. What is the units digit of 44/(-6)*9/w?
1
Let y be (-6)/2 + (-4 - -20). Let k = y + 1. What is the tens digit of k?
1
Suppose -t - 2 = -3. What is the tens digit of 29/t + (-15)/(-5)?
3
Let y be 35*(9/5 - 1). Let a = y + -14. What is the units digit of a?
4
Suppose m + 72 = 3*m. What is the units digit of (3/(-4))/((-1)/m)?
7
Let s(u) = -u + 3. Let l be ((-6)/(-5))/((-5)/(-25)). Let n be s(l). Let d = n + 5. What is the units digit of d?
2
Let t be 44/16 + (-1)/(-4). Suppose 0*r - t*r + 99 = 0. What is the tens digit of r?
3
Let l(w) = -14*w + 3. Let b(v) = 8*v - 2. Let o(q) = 5*b(q) + 3*l(q). Let i(s) = s + 3. Let h be i(-5). What is the units digit of o(h)?
3
Let k be 0 + -2 + 3 - -27. Let l be 84/(-39) + (-2)/(-13). What is the units digit of (k - 2)*l/(-4)?
3
Let i be 16/(-12) + (-184)/(-3). Suppose -5*f + i + 35 = 0. What is the tens digit of f?
1
Let q(g) = -g - 7. Let u be q(-11). What is the tens digit of (u/(-12))/(1/(-33))?
1
Let s be (15/6)/((-3)/(-6)). Suppose -n = 3*n - 8. Suppose -4*o = s*z - 69, -n*z = o + o - 28. What is the tens digit of z?
1
Suppose -2*a + 4*o = -4*a + 16, 0 = -3*a + 4*o - 16. Let q be -2 + 3/(3 + a). What is the units digit of q*(-1)/(2/10)?
5
Let m(a) = a - 4. Let p be m(7). Suppose 5*i + p*j - 9 = -3, 2*i = 2*j + 12. Suppose 9 = 3*u + i. What is the units digit of u?
2
What is the units digit of (-6)/(-36) + 4726/12?
4
Let p = 20 - -13. Suppose -i + 2*i - p = 0. Suppose 2*r = 10, -3*r + i = 5*w + 8. What is the units digit of w?
2
Let k(u) = -u**2 - 6*u - 3. Let t be k(-5). What is the tens digit of (-155)/(-15) + t/(-6)?
1
Suppose 2*c = -z + 6*z + 8, -3*c = 2*z - 12. What is the tens digit of (3 - c)/(2/(-74))?
3
Let b = -83 + 120. What is the tens digit of b?
3
Suppose a = 5*h - 11 - 9, -5*h - a = -20. Suppose -h*f = 14 - 78. What is the tens digit of f?
1
Suppose -4*s + 3*r + 34 = -0*r, 4*s - 2*r = 32. Suppose 4*q = -1 - s. What is the units digit of ((-5)/q)/((-3)/(-6))?
5
Suppose 0 = -3*t + 7*t - 144. Suppose -w = -2*v + 4, -v - 5*w + t = 3*v. Suppose -39 = -v*b + 1. What is the units digit of b?
0
Let r(d) = 2*d**2 - 2*d**2 - d - 8 + d**2. Let y be r(0). What is the units digit of y/6*9/(-6)?
2
Suppose 4 = j - 2*t, 0 = -2*j - t - 3*t + 8. Let i = j + -2. Suppose -i*q - 56 = -4*w, -w - 36 = -3*w - 3*q. What is the units digit of w?
5
Let h = 36 - -17. What is the units digit of h?
3
Let s = -13 + 19. What is the units digit of s?
6
Let o be 1*(0 + (-1 - -2)). What is the units digit of (-4)/(-1) + -2 + o?
3
Let t(n) = -n**3 + 12*n**2 - 10*n + 26. What is the units digit of t(11)?
7
Suppose 2*l - 114 = -40. What is the tens digit of l?
3
Let l be (5/2 + -3)*-4. What is the units digit of ((-6)/5)/(l/(-15))?
9
Suppose -20 = -4*j + 8*j. Let r = 22 + j. What is the tens digit of r?
1
Suppose 5 = 5*b - 10. What is the units digit of b?
3
Suppose -2*d = 2*r + 4, -3*d + r + 2*r + 18 = 0. Suppose 2*a = 4*a + d. What is the units digit of 1 - (3 + a - 2)?
1
Let h(v) = 7*v - 3. What is the units digit of h(1)?
4
Suppose 5*d - 27 = 2*d. What is the units digit of d?
9
Let i be (4/3)/(4/6). Let v be (i + -2)/(-1) - 2. Let a = v + 13. What is the tens digit of a?
1
Suppose 5*t + 3 = 6*t. Suppose 2*m + t*m - 55 = 2*f, 0 = -4*f. What is the tens digit of m?
1
What is the tens digit of 0 + 31 + (-1)/(-1)?
3
Suppose -3*w = -5*q + 2*w + 135, 3*q + 4*w = 102. What is the units digit of (-10)/q + (-61)/(-3)?
0
Let t be -3 - (-11)/(22/12). Suppose 2*z + 0*z = -4*s + 18, -t = -3*s - 5*z. What is the units digit of s?
6
Suppose 3*m = 3*d - 93, 0 = -d - m - 0*m + 21. Suppose 4 = 2*g - 6. Suppose 20 = g*z, -2*j + 0*z = -3*z - d. What is the tens digit of j?
1
Let f(g) = 2 - 3 + 5*g - g + 3*g**2 + 0*g - g**3. Let y(r) = -r**2 - 4*r - 1. Let k be y(-2). What is the units digit of f(k)?
1
Let z(y) = 3*y**2 + 4*y + 4. What is the tens digit of z(-7)?
2
Let l(i) = -21*i**3 - i**2 - i. Let r be l(-1). Let h = 27 - r. What is the units digit of h?
6
Let i(n) = 4*n + 9. What is the units digit of i(3)?
1
Let a(m) = 37*m + 36. What is the units digit of a(4)?
4
Let u = -382 + 673. What is the hundreds digit of u?
2
Let g(r) = 3*r + 17. Let f be g(6). Suppose 3*m = m + 3*q + f, 55 = 3*m - 2*q. What is the tens digit of m?
1
Let a(l) = l + 4. Let p be a(-4). Suppose -2*r + r 